(-101646) + -9). Suppose -5198 = -9*l + w. What are the prime factors of l?
5, 241
Let v(c) = -c**3 + 4*c**2 + 3*c - 7. Let k be v(4). Let z = -69 - -65. List the prime factors of ((-1560)/25)/z*2*k.
2, 3, 13
Suppose 7082 = 3*v - 4*u, -3*v + 80*u + 7091 = 85*u. List the prime factors of v.
2, 1181
Suppose 23*r + 1352984 = 25*r + 51*r. List the prime factors of r.
2, 3191
Suppose -13*f = -16*f + 39. Suppose -14*y + 15 = -f*y. Suppose s + 72 = 2*u, u - 5*s = 51 - y. List the prime factors of u.
2, 3
Suppose -71*w - 28*w = -5976135. List the prime factors of w.
5, 12073
Let q(d) = 26*d**2 + d - 2. Let o be q(-2). Let i = -22 - -28. Suppose 4*h - 250 = -y + o, -i = 3*y. List the prime factors of h.
2, 11
Suppose 3*l - 520 = a, l + 2*a = -0*a + 185. Suppose -280*m + l = -275*m. What are the prime factors of m?
5, 7
Let c = 117 - 115. Suppose -2*t - v = t - 868, -t + c*v = -294. What are the prime factors of t?
2, 5, 29
Let u = -4518 - -2581. Let h = -1143 - u. What are the prime factors of h?
2, 397
Suppose 258641 + 68642 = 2*w + 9*w. What are the prime factors of w?
29753
Let n be 8/6*483 + -5. Suppose -k - 15 = -5*b - 132, -n = -5*k - 2*b. What are the prime factors of (-6)/(3 - 1) - k/(-1)?
2, 31
Let m = 3555 + 2645. List the prime factors of m.
2, 5, 31
Let y(n) = -3*n**2 - 2*n + 309. Let z be y(0). Let x = 510 - z. List the prime factors of x.
3, 67
Let j(z) = 2*z**2 + 14*z + 23. Let s be j(-11). Suppose 0 = -11*a + s - 1. List the prime factors of a.
2, 5
Let p(w) be the second derivative of 319*w**3/6 + 19*w**2/2 - 3*w - 1. What are the prime factors of p(2)?
3, 73
Suppose 120 = -x + 3*z, -185 = 2*x - 0*z + 5*z. Let o be x/(-75) - (1 - 8/5). Suppose -o*p + 7*v - 2*v = -388, -5*p + 4*v = -970. List the prime factors of p.
2, 97
Let r(n) = n**2 - 9*n - 7. Let p be r(10). Suppose 5*o = -2*l + 393, 0 = p*l - 2*o + 3*o - 557. What are the prime factors of ((-5)/(-20))/(2/l)?
23
Suppose d = 3*c - 5, d = 5*c - 3*d - 20. Suppose -4*r - 4*r - 48 = c. Let p(s) = 6*s**2 + 2*s + 19. What are the prime factors of p(r)?
223
Let b(o) = o - 3. Let z be b(1). Let f(k) be the first derivative of 25*k**3/3 + k**2/2 - 3*k + 6. List the prime factors of f(z).
5, 19
Let u(k) be the second derivative of k**4/12 + k**3/6 - 3*k**2/2 - 7*k. Let s be u(2). Suppose s*i - 644 = -4*i. List the prime factors of i.
2, 23
Let j(w) = 1125*w + 2528. List the prime factors of j(17).
59, 367
Let k(m) be the first derivative of m**3/3 - 5*m**2/2 - 7*m - 6. Let b be k(9). List the prime factors of (-5)/5*b/(-1).
29
Let f be (-1)/(-2)*5*(-98)/(-35). Suppose -5*y + 325 = 3*h, f*y - 252 = 3*y - 4*h. Suppose 25 = 3*t - y. What are the prime factors of t?
31
Suppose -5*n + 2*q + 604 = 0, -4*n - 2*q + 473 = -7*q. Suppose -9 = -2*f + 33. Let a = f + n. What are the prime factors of a?
11, 13
Let t(a) = -524*a - 2715. List the prime factors of t(-87).
3, 31, 461
List the prime factors of (377572/(-318))/((-6)/153).
13, 17, 137
Let b(j) = -2*j - 2. Let l be b(-2). Suppose -3*u - l*d = -7*u + 386, 383 = 4*u - d. What are the prime factors of u?
5, 19
Let d(j) = 1443*j**2 - 1122*j + 6784. List the prime factors of d(6).
2, 5, 13
Let p(i) be the first derivative of -i**4/4 - 2*i**3 - 12*i**2 + 17*i + 312. What are the prime factors of p(-8)?
337
Let s = 27600 + 2705. List the prime factors of s.
5, 11, 19, 29
Suppose 3*m = -12, r = 6*r - 5*m - 10. Let q(u) = -u**2 - 9*u - 11. List the prime factors of q(r).
3
Let k = 6987 - -3415. What are the prime factors of k?
2, 7, 743
Let h = 15716 - -14390. What are the prime factors of h?
2, 15053
Let l(y) = 5 + 27*y**2 + 0*y - 4 - y + 29*y**2. Let h be 3/10*-2 - 8/(-5). What are the prime factors of l(h)?
2, 7
Suppose 5*p = 5, 6*p - 2*p - 14 = -5*s. Suppose 3*n + 4*v = 4*n + 121, -246 = s*n - 4*v. Let o = n + 209. What are the prime factors of o?
2, 3, 7
Let w = -25165 + 34055. List the prime factors of w.
2, 5, 7, 127
Let w(g) be the third derivative of -7*g**4/8 + 109*g**3/6 + 2*g**2 + 10*g. What are the prime factors of w(-13)?
2, 191
Let f = -1109 - -435. Let j = f + 1247. List the prime factors of j.
3, 191
Suppose 176*z = -48*z + 4783296. List the prime factors of z.
2, 3, 3559
Let t(c) = c**2 - 3. Let g be 9 - (1 - 4 - -1 - -1). Suppose 32 = -4*k - 4*z, 3*z - g = 2*k - z. What are the prime factors of t(k)?
2, 23
Let x = 15025 - -1991. List the prime factors of x.
2, 3, 709
Let d(f) = -2*f**3 + 64*f**2 + 80*f + 47. What are the prime factors of d(33)?
509
Suppose 5*c = -5*u - 605, -89 - 138 = 2*u - 3*c. Let g = u - -184. Let r = -11 + g. What are the prime factors of r?
5, 11
Let u(b) = -b + 11. Let j be u(12). Let r be ((-15)/(-12))/(j/(-4)). Suppose 4*x = 4*o - 0*o + 36, 2*x = r*o + 30. What are the prime factors of x?
5
Suppose w - 76 = -0. Let p be (7 + -1)*-2*108/(-8). Let x = p - w. List the prime factors of x.
2, 43
Suppose 0 = 38*a - 34*a + 5*y - 11711, 2*y - 8792 = -3*a. List the prime factors of a.
2, 3, 163
Let h = -16 + 4245. Suppose -4*u + 5*z = -4125, -2*z - h = -4*u - 95. What are the prime factors of u?
3, 5, 23
Let x(o) = 2*o**2 - 27*o + 404. What are the prime factors of x(21)?
719
Suppose 38*j - 36416 = 104374. List the prime factors of j.
3, 5, 13, 19
Let z(c) = -2*c**2 - 20*c - 4. Let g be z(-10). Let p(b) = -b**2 - 14*b - 5. Let n be p(-9). List the prime factors of (-1308)/(-15) + 2*g/n.
3, 29
Suppose 0 = -13*p - 1270 + 11631. Suppose 0 = 5*y + 4*w - 3178 + p, y - 5*w = 453. What are the prime factors of y?
11, 43
Let w = 28544 - 17924. Suppose -59*y = -44*y - w. What are the prime factors of y?
2, 3, 59
Suppose 48*y = 99*y - 41*y - 1640. List the prime factors of y.
2, 41
Let s(k) = 2*k + 25. Let m be s(-12). Let o(w) = m - 9*w - 2 + 0 + 0. List the prime factors of o(-2).
17
What are the prime factors of 8703 + 1 + -125 + 135?
2, 4357
Let v = -4381 - -7463. List the prime factors of v.
2, 23, 67
Let l be (7*6/42)/(1/9). Let k be ((-4)/(-3))/(((-12)/l)/4). What are the prime factors of 54 + k*(-1)/2?
2, 7
Let l = -704 + 1229. Suppose 14*x = 9*x + l. List the prime factors of x.
3, 5, 7
Suppose -23*r - 133*r = 64*r - 2169420. What are the prime factors of r?
3, 19, 173
Let b be ((-5)/(-5)*-2)/((-12)/18). What are the prime factors of 979/b + (-60)/(-36)?
2, 41
Let j = -812 - -842. Suppose 13*i - 39818 = -j*i. List the prime factors of i.
2, 463
Suppose 0*i = i + 12. Let q = i + 8. List the prime factors of (-8)/(74/(-18) - q).
2, 3
Let w(r) = 30*r + 89. Let y be w(-4). Let o = 351 - y. List the prime factors of o.
2, 191
Suppose -96 = 4*c - 7*c. Let b = 36 + c. List the prime factors of b.
2, 17
Let m(u) = -u**3 - 28*u**2 - 23*u + 38. Let g be m(-27). Let s = g - -83. Let i = 59 + s. List the prime factors of i.
2, 3
Let n = 339 + -333. What are the prime factors of (n/9*-6)/(2/(-353))?
2, 353
Suppose 82491*q - 1442232 = 82464*q. List the prime factors of q.
2, 11, 607
Let p be (-15623)/34 - (-6)/(-4). Let d = p + 795. List the prime factors of d.
2, 167
Let u be 4 + -1 + 0 + 440. Suppose -2*r = 5*c - 2227, 12*c - 11*c = 2*r + u. What are the prime factors of c?
5, 89
Let f = 566 - 575. Let z(u) = 6*u**2 + 11*u - 46. What are the prime factors of z(f)?
11, 31
Suppose 8*b + 2 = 6*b, -b = 2*p - 4337. List the prime factors of p.
3, 241
Suppose 2*w - 4 = -18. Let k(a) = 4*a**2 + 7*a + 10. Let l be k(w). Let u = 328 - l. List the prime factors of u.
3, 19
Let f be 4965/10*20/(-30). Let t = -261 - f. What are the prime factors of t?
2, 5, 7
Suppose 828 = 4*u - 224. What are the prime factors of u*(7/(-49) - (-8)/7)?
263
Suppose 9*p = 17 + 19. Suppose -706 = -p*z + 286. List the prime factors of z.
2, 31
Suppose -3*j = 4*n - 606, -2*n - 3*j + 300 = -0*j. Suppose -3*y - 760 = 4*k - n, 3*y - 4*k + 647 = 0. Let q = -137 - y. List the prime factors of q.
2, 3
Let i(x) = -5*x - 188. Let q(d) = 18*d + 564. Let c(h) = -7*i(h) - 2*q(h). What are the prime factors of c(37)?
151
Suppose -3*a + 2 + 4 = 0. Let h(y) = -2 - a*y**2 + 12*y**2 - 2*y + 4*y. What are the prime factors of h(-2)?
2, 17
Let t = 35626 + -19788. What are the prime factors of t?
2, 7919
Let o(d) = 8*d**3 + 196*d**2 + 26*d + 21. List the prime factors of o(-21).
3, 7, 563
Let o(b) = 4*b - 159. Let t be o(15). Let c = 1246 - t. List the prime factors of c.
5, 269
S